e greatest common divisor of 46 and 92?
46
Calculate the highest common divisor of 2450 and 100.
50
What is the greatest common divisor of 4750 and 20?
10
Calculate the greatest common divisor of 52 and 364.
52
Calculate the greatest common divisor of 31 and 279.
31
What is the highest common factor of 117 and 11622?
39
What is the greatest common divisor of 19 and 95?
19
Calculate the highest common divisor of 70 and 77.
7
What is the highest common divisor of 279 and 31?
31
Calculate the greatest common factor of 315 and 135.
45
Calculate the highest common factor of 369 and 108.
9
What is the highest common factor of 24472 and 112?
56
Calculate the greatest common divisor of 4340 and 1190.
70
What is the highest common divisor of 189 and 63?
63
What is the greatest common divisor of 9 and 1611?
9
Calculate the greatest common divisor of 64 and 520.
8
What is the highest common factor of 25 and 875?
25
What is the highest common divisor of 525 and 2325?
75
Calculate the highest common factor of 20 and 540.
20
What is the highest common divisor of 4895 and 11?
11
Calculate the greatest common factor of 93 and 186.
93
What is the highest common divisor of 14 and 3442?
2
Calculate the greatest common factor of 15 and 80040.
15
Calculate the greatest common divisor of 1498 and 14.
14
What is the highest common divisor of 23294 and 76?
38
What is the greatest common divisor of 2112 and 6?
6
Calculate the highest common divisor of 47 and 1.
1
What is the highest common factor of 72 and 324?
36
Calculate the highest common divisor of 473 and 22.
11
What is the highest common divisor of 60 and 150?
30
Calculate the greatest common factor of 108 and 4.
4
What is the highest common factor of 120 and 1160?
40
What is the highest common divisor of 28 and 14084?
28
What is the greatest common divisor of 120 and 2872?
8
Calculate the highest common factor of 60 and 285.
15
Calculate the greatest common factor of 2756 and 2.
2
What is the highest common divisor of 517 and 4559?
47
What is the highest common factor of 1152 and 36?
36
What is the highest common factor of 212 and 3922?
106
What is the greatest common factor of 394 and 2?
2
Calculate the highest common factor of 322 and 46.
46
What is the highest common factor of 5 and 5?
5
What is the greatest common divisor of 5760 and 90?
90
What is the highest common factor of 6 and 3378?
6
Calculate the highest common factor of 209 and 55.
11
Calculate the greatest common divisor of 1052 and 100.
4
What is the highest common factor of 36 and 144?
36
What is the greatest common divisor of 50 and 950?
50
Calculate the highest common divisor of 19173 and 22.
11
Calculate the highest common factor of 4 and 3532.
4
Calculate the highest common factor of 40 and 7630.
10
Calculate the highest common divisor of 53 and 53.
53
What is the greatest common factor of 442 and 782?
34
Calculate the highest common divisor of 2720 and 20.
20
Calculate the greatest common factor of 56 and 21.
7
Calculate the highest common divisor of 17 and 1377.
17
What is the greatest common factor of 3589 and 97?
97
What is the greatest common factor of 140 and 126?
14
Calculate the highest common divisor of 104 and 39.
13
What is the highest common divisor of 84 and 112?
28
Calculate the greatest common factor of 4 and 8572.
4
What is the highest common divisor of 1386 and 1232?
154
Calculate the greatest common factor of 54 and 4.
2
Calculate the highest common factor of 286 and 132.
22
What is the highest common factor of 518 and 40145?
259
Calculate the highest common factor of 118 and 1298.
118
What is the highest common factor of 183 and 75?
3
Calculate the highest common divisor of 20 and 11330.
10
Calculate the greatest common divisor of 420 and 620.
20
What is the highest common divisor of 78 and 351?
39
What is the greatest common factor of 4554 and 44?
22
What is the greatest common factor of 1102 and 174?
58
Calculate the highest common divisor of 184 and 83.
1
Calculate the greatest common divisor of 2415 and 5.
5
What is the greatest common factor of 9780 and 60?
60
Calculate the highest common factor of 65 and 4745.
65
Calculate the highest common factor of 6331 and 13.
13
What is the highest common factor of 315 and 1365?
105
Calculate the highest common divisor of 285 and 8360.
95
Calculate the highest common divisor of 664 and 10873.
83
Calculate the highest common factor of 107 and 11021.
107
Calculate the greatest common factor of 1050 and 595.
35
What is the greatest common divisor of 8 and 30152?
8
What is the highest common divisor of 432 and 16?
16
Calculate the greatest common factor of 253 and 48323.
253
What is the greatest common divisor of 1696 and 128?
32
Calculate the highest common factor of 1073 and 37.
37
Calculate the highest common divisor of 98 and 616.
14
What is the highest common factor of 152 and 266?
38
What is the greatest common divisor of 260 and 221?
13
What is the highest common factor of 7 and 462?
7
What is the highest common divisor of 29 and 261?
29
What is the highest common factor of 24 and 720?
24
Calculate the highest common divisor of 56 and 2288.
8
What is the highest common factor of 500 and 10900?
100
What is the highest common factor of 18 and 351?
9
Calculate the greatest common divisor of 1672 and 722.
38
What is the highest common factor of 79 and 2528?
79
Calculate the highest common divisor of 7 and 224.
7
Calculate the highest common divisor of 2 and 1.
1
Calculate the greatest common divisor of 924 and 84.
84
Calculate the greatest common divisor of 1180 and 20.
20
What is the greatest common factor of 372 and 868?
124
Calculate the greatest common divisor of 2074 and 427.
61
Calculate the highest common divisor of 63 and 18756.
9
Calculate the greatest common divisor of 234 and 36.
18
What is the highest common divisor of 77 and 133?
7
Calculate the highest common divisor of 315 and 280.
35
Calculate the highest common factor of 51 and 19839.
51
What is the highest common factor of 1088 and 85?
17
Calculate the greatest common divisor of 81 and 9.
9
What is the highest common factor of 989 and 1505?
43
What is the greatest common divisor of 30 and 1830?
30
What is the greatest common factor of 72 and 54?
18
What is the greatest common factor of 67 and 11323?
67
What is the greatest common divisor of 12 and 2940?
12
Calculate the highest common divisor of 1400 and 3325.
175
Calculate the highest common factor of 128 and 160.
32
What is the greatest common factor of 56 and 1400?
56
Calculate the highest common divisor of 41 and 943.
41
What is the greatest common factor of 308 and 231?
77
What is the highest common divisor of 1225 and 50?
25
Calculate the highest common divisor of 60 and 80.
20
Calculate the greatest common factor of 9450 and 1750.
350
Calculate the highest common divisor of 119 and 187.
17
What is the highest common factor of 12 and 118?
2
Calculate the greatest common divisor of 92 and 368.
92
What is the highest common factor of 7 and 10563?
7
What is the highest common factor of 16830 and 51?
51
What is the greatest common factor of 1419 and 344?
43
Calculate the greatest common factor of 129 and 731.
43
Calculate the greatest common divisor of 295 and 5.
5
What is the highest common divisor of 88 and 451?
11
What is the highest common divisor of 602 and 86?
86
Calculate the highest common factor of 1215 and 30.
15
Calculate the greatest common factor of 3 and 4.
1
Calculate the greatest common factor of 88 and 132.
44
What is the highest common factor of 74 and 242?
2
What is the greatest common divisor of 5459 and 206?
103
What is the highest common factor of 424 and 265?
53
What is the highest common factor of 54 and 1161?
27
What is the highest common factor of 15 and 9?
3
What is the greatest common factor of 21267 and 153?
153
What is the highest common divisor of 344 and 1634?
86
Calculate the greatest common factor of 6665 and 1075.
215
What is the highest common divisor of 342 and 38?
38
What is the highest common divisor of 525 and 21?
21
Calculate the greatest common divisor of 284 and 4402.
142
Calculate the highest common factor of 33 and 165.
33
What is the highest common divisor of 102 and 459?
51
Calculate the highest common divis